{"id":7901,"date":"2026-05-04T10:43:21","date_gmt":"2026-05-04T10:43:21","guid":{"rendered":"https:\/\/spnowerybie.pl\/?page_id=7901"},"modified":"2026-05-04T10:46:24","modified_gmt":"2026-05-04T10:46:24","slug":"doradztwo-zawodowe","status":"publish","type":"page","link":"https:\/\/spnowerybie.pl\/?page_id=7901","title":{"rendered":"Doradztwo zawodowe"},"content":{"rendered":"\n<p><strong>\u201eTwoja przysz\u0142o\u015b\u0107 zale\u017cy od tego, co robisz dzisiaj.\u201d<\/strong><br>Mahatma Gandhi<\/p>\n\n\n\n<p><strong>Drodzy Uczniowie!<\/strong><br>Na zaj\u0119ciach z doradztwa zawodowego macie szans\u0119 odkrywa\u0107, co lubicie robi\u0107, co Was interesuje i w czym jeste\u015bcie naprawd\u0119 dobrzy. To czas, aby poznawa\u0107 swoje mocne strony, pr\u00f3bowa\u0107 nowych rzeczy i budowa\u0107 pewno\u015b\u0107 siebie. Nikt nie oczekuje od Was wyboru zawodu ju\u017c dzi\u015b \u2013 wa\u017cne jest, \u017ceby\u015bcie krok po kroku poznawali siebie i swoje mo\u017cliwo\u015bci.<\/p>\n\n\n\n<p><strong>Drodzy Rodzice!<\/strong><br>Zapraszamy Was do wspierania dzieci w tym, co odkrywaj\u0105 podczas zaj\u0119\u0107. Doradztwo zawodowe pomaga im lepiej pozna\u0107 swoje pasje i talenty, a tak\u017ce przygotowuje do podejmowania m\u0105drych decyzji w kolejnych etapach edukacji. Wasze zainteresowanie i rozmowy w domu s\u0105 dla nich bezcennym wsparciem.<\/p>\n\n\n\n<p><strong>Drodzy Nauczyciele!<\/strong><br>Dzi\u0119kujemy, \u017ce towarzyszycie uczniom w ich rozwoju. Wasze zaanga\u017cowanie i otwarto\u015b\u0107 pomagaj\u0105 dzieciom odwa\u017cniej szuka\u0107 swoich dr\u00f3g i odkrywa\u0107 potencja\u0142. Doradztwo zawodowe w naszej szkole to wsp\u00f3lne dzia\u0142anie \u2013 razem budujemy atmosfer\u0119 ciekawo\u015bci, zaufania i inspiracji.<\/p>\n\n\n\n<p>Szkolny Doradca Zawodowy<br>Monika Gurgul<\/p>\n\n\n\n<p><strong><u>Strefa ucznia:<\/u><\/strong><\/p>\n\n\n\n<p><strong>Ciekawe strony internetowe:<\/strong><\/p>\n\n\n\n<ul class=\"wp-block-list\">\n<li>&nbsp;\u015acie\u017cki kariery (<a href=\"https:\/\/mapakarier.org\/sciezki-kariery\/\">https:\/\/mapakarier.org\/sciezki-kariery\/<\/a>)<\/li>\n\n\n\n<li>Miasto zawod\u00f3w (<a href=\"https:\/\/mapakarier.org\/miasto-zawodow\/\">https:\/\/mapakarier.org\/miasto-zawodow\/<\/a>)<\/li>\n\n\n\n<li>Filtr preferencji (<a href=\"https:\/\/mapakarier.org\/filtr-preferencji\/\">https:\/\/mapakarier.org\/filtr-preferencji\/<\/a>)<\/li>\n\n\n\n<li>Blog dla m\u0142odzie\u017cy (<a href=\"https:\/\/mapakarier.org\/strefa-mlodziezy\/\">https:\/\/mapakarier.org\/strefa-mlodziezy\/<\/a>)<\/li>\n\n\n\n<li>Barometr zawod\u00f3w (<a href=\"https:\/\/barometrzawodow.pl\/modul\/prognozy-na-plakatach?publication=national&amp;year=2025&amp;form-group%5B%5D=all\">https:\/\/barometrzawodow.pl\/modul\/prognozy-na-plakatach?publication=national&amp;year=2025&amp;form-group%5B%5D=all<\/a>)<\/li>\n\n\n\n<li>Kalkulator punkt\u00f3w (<a href=\"https:\/\/takzdam.pl\/kalkulator-punktow\/\">https:\/\/takzdam.pl\/kalkulator-punktow\/<\/a>)<\/li>\n<\/ul>\n\n\n\n<p><strong>Ciekawe artyku\u0142y<\/strong>:<\/p>\n\n\n\n<ul class=\"wp-block-list\">\n<li>Jak wybra\u0107 szko\u0142\u0119 ponadpodstawow\u0105 cz. 1: R\u00f3\u017cnice mi\u0119dzy liceum, technikum a szko\u0142\u0105 bran\u017cow\u0105 (<a href=\"https:\/\/mapakarier.org\/blog\/112\/jak-wybrac-szkole-ponadpodstawowa-cz-1-roznice-miedzy-liceum-technikum-a-szkola-branzowa\/\">https:\/\/mapakarier.org\/blog\/112\/jak-wybrac-szkole-ponadpodstawowa-cz-1-roznice-miedzy-liceum-technikum-a-szkola-branzowa\/<\/a>)<\/li>\n\n\n\n<li>Jak wybra\u0107 szko\u0142\u0119 ponadpodstawow\u0105 cz. 2: Czas na Tw\u00f3j wyb\u00f3r! <a href=\"https:\/\/mapakarier.org\/blog\/117\/jak-wybrac-szkole-ponadpodstawowa-cz-2-czas-na-twoj-wybor\/\">https:\/\/mapakarier.org\/blog\/117\/jak-wybrac-szkole-ponadpodstawowa-cz-2-czas-na-twoj-wybor\/<\/a><\/li>\n<\/ul>\n\n\n\n<p><strong>Oferta szk\u00f3\u0142 ponadpodstawowych w naszej okolicy:<\/strong><\/p>\n\n\n\n<ul class=\"wp-block-list\">\n<li>Zesp\u00f3\u0142 Szk\u00f3\u0142 Nr 1 im. J. Pi\u0142sudskiego w Limanowej (<a href=\"https:\/\/www.zsnr1.limanowa.pl\/dla-kandydatow\/oferta-edukacyjna\/\">https:\/\/www.zsnr1.limanowa.pl\/dla-kandydatow\/oferta-edukacyjna\/<\/a>)<\/li>\n\n\n\n<li>I LO im. W\u0142adys\u0142awa Orkana w Limanowej (<a href=\"https:\/\/www.1lo.limanowa.pl\/charakterystyka-klas\/\">https:\/\/www.1lo.limanowa.pl\/charakterystyka-klas\/<\/a>)<\/li>\n\n\n\n<li>Zesp\u00f3\u0142 Szk\u00f3\u0142 Technicznych i Og\u00f3lnokszta\u0142c\u0105cych im. Jana Paw\u0142a II w Limanowej (<a href=\"https:\/\/zstio.edu.pl\/dla-kandydata\/rekrutacja\/\">https:\/\/zstio.edu.pl\/dla-kandydata\/rekrutacja\/<\/a>)<\/li>\n\n\n\n<li>Zesp\u00f3\u0142 Szk\u00f3\u0142 Og\u00f3lnokszta\u0142c\u0105cych i Zawodowych im. Ks. Prof. J\u00f3zefa Tischnera w Limanowej (<a href=\"https:\/\/tischner.edu.pl\/dla-kandydatow\/\">https:\/\/tischner.edu.pl\/dla-kandydatow\/<\/a>)<\/li>\n\n\n\n<li>Zesp\u00f3\u0142 Szko\u0142 im. Komisji Edukacji Narodowej w Tymbarku (<a href=\"https:\/\/www.zstymbark.pl\/kierunki-ksztalcenia\/\">https:\/\/www.zstymbark.pl\/kierunki-ksztalcenia\/<\/a>)<\/li>\n\n\n\n<li>Bran\u017cowa Szko\u0142a I Stopnia Cechu Rzemios\u0142a i Przedsi\u0119biorczo\u015bci im. \u015aw. J\u00f3zefa w Limanowej (<a href=\"https:\/\/www.cechlimanowa.pl\/wykaz-zawodow\">https:\/\/www.cechlimanowa.pl\/wykaz-zawodow<\/a>)<\/li>\n\n\n\n<li><em>Centrum Kszta\u0142cenia Zawodowego i Ustawicznego im. \u015bw. Jana Paw\u0142a II w \u0141apanowie (<\/em><a href=\"https:\/\/ckziulapanow.pl\/rekrutacja\/kierunki-ksztalcenia-na-rok-szkolny-2025-2026\">https:\/\/ckziulapanow.pl\/rekrutacja\/kierunki-ksztalcenia-na-rok-szkolny-2025-2026<\/a><em>) <\/em><\/li>\n<\/ul>\n\n\n\n<p><strong><u>Strefa rodzica:<\/u><\/strong><\/p>\n\n\n\n<ul class=\"wp-block-list\">\n<li>List do rodzic\u00f3w<\/li>\n\n\n\n<li>Broszura dla rodzic\u00f3w \u2013 Jak by\u0107 doradc\u0105 zawodowym swojego dziecka? (plik pdf)<\/li>\n\n\n\n<li>Blog dla rodzic\u00f3w (<a href=\"https:\/\/www.mapakarier.org\/strefa-rodzica\/\">https:\/\/www.mapakarier.org\/strefa-rodzica\/<\/a>)<\/li>\n<\/ul>\n\n\n\n<p><strong><u>Strefa nauczyciela:<\/u><\/strong><\/p>\n\n\n\n<ul class=\"wp-block-list\">\n<li>Rozporz\u0105dzenie o doradztwie zawodowym \u2013 kompleksowy przewodnik (<a href=\"https:\/\/mapakarier.org\/rozporzadzenie-doradztwo-zawodowe\/\">https:\/\/mapakarier.org\/rozporzadzenie-doradztwo-zawodowe\/<\/a>)<\/li>\n\n\n\n<li>Pomys\u0142y na lekcje ( <a href=\"https:\/\/mapakarier.org\/strefa-nauczyciela\/\">https:\/\/mapakarier.org\/strefa-nauczyciela\/<\/a>)<\/li>\n\n\n\n<li>Programy i scenariusze ORE (<a href=\"https:\/\/doradztwo.ore.edu.pl\/programy-i-wsdz\/\">https:\/\/doradztwo.ore.edu.pl\/programy-i-wsdz\/<\/a>)<\/li>\n<\/ul>\n","protected":false},"excerpt":{"rendered":"<p>\u201eTwoja przysz\u0142o\u015b\u0107 zale\u017cy od tego, co robisz dzisiaj.\u201dMahatma Gandhi Drodzy Uczniowie!Na zaj\u0119ciach z doradztwa zawodowego macie szans\u0119 odkrywa\u0107, co lubicie robi\u0107, co Was interesuje i w czym jeste\u015bcie naprawd\u0119 dobrzy. To czas, aby poznawa\u0107 swoje mocne strony, pr\u00f3bowa\u0107 nowych rzeczy i budowa\u0107 pewno\u015b\u0107 siebie. Nikt nie oczekuje od Was wyboru zawodu ju\u017c dzi\u015b \u2013 wa\u017cne [&hellip;]<\/p>\n","protected":false},"author":1,"featured_media":0,"parent":0,"menu_order":0,"comment_status":"closed","ping_status":"closed","template":"","meta":{"ngg_post_thumbnail":0,"footnotes":""},"class_list":["post-7901","page","type-page","status-publish","hentry"],"_links":{"self":[{"href":"https:\/\/spnowerybie.pl\/index.php?rest_route=\/wp\/v2\/pages\/7901","targetHints":{"allow":["GET"]}}],"collection":[{"href":"https:\/\/spnowerybie.pl\/index.php?rest_route=\/wp\/v2\/pages"}],"about":[{"href":"https:\/\/spnowerybie.pl\/index.php?rest_route=\/wp\/v2\/types\/page"}],"author":[{"embeddable":true,"href":"https:\/\/spnowerybie.pl\/index.php?rest_route=\/wp\/v2\/users\/1"}],"replies":[{"embeddable":true,"href":"https:\/\/spnowerybie.pl\/index.php?rest_route=%2Fwp%2Fv2%2Fcomments&post=7901"}],"version-history":[{"count":2,"href":"https:\/\/spnowerybie.pl\/index.php?rest_route=\/wp\/v2\/pages\/7901\/revisions"}],"predecessor-version":[{"id":7904,"href":"https:\/\/spnowerybie.pl\/index.php?rest_route=\/wp\/v2\/pages\/7901\/revisions\/7904"}],"wp:attachment":[{"href":"https:\/\/spnowerybie.pl\/index.php?rest_route=%2Fwp%2Fv2%2Fmedia&parent=7901"}],"curies":[{"name":"wp","href":"https:\/\/api.w.org\/{rel}","templated":true}]}}