{"id":70,"date":"2018-08-10T20:18:52","date_gmt":"2018-08-10T20:18:52","guid":{"rendered":"http:\/\/spnowerybie.pl\/?page_id=70"},"modified":"2024-10-08T18:33:01","modified_gmt":"2024-10-08T18:33:01","slug":"godziny-przyjec-rodzicow","status":"publish","type":"page","link":"https:\/\/spnowerybie.pl\/?page_id=70","title":{"rendered":"Konsultacje dla uczni\u00f3w i rodzic\u00f3w"},"content":{"rendered":"\n<div data-wp-interactive=\"core\/file\" class=\"wp-block-file\"><object data-wp-bind--hidden=\"!state.hasPdfPreview\" hidden class=\"wp-block-file__embed\" data=\"https:\/\/spnowerybie.pl\/wp-content\/uploads\/2024\/10\/godziny-przyjec-rodzicow-2024.pdf\" type=\"application\/pdf\" style=\"width:100%;height:600px\" aria-label=\"Osadzone z godziny przyj\u0119\u0107 rodzic\u00f3w 2024.\"><\/object><a id=\"wp-block-file--media-5234becc-4b19-4616-a40e-d9a6a0f9beeb\" href=\"https:\/\/spnowerybie.pl\/wp-content\/uploads\/2024\/10\/godziny-przyjec-rodzicow-2024.pdf\">godziny przyj\u0119\u0107 rodzic\u00f3w 2024<\/a><a href=\"https:\/\/spnowerybie.pl\/wp-content\/uploads\/2024\/10\/godziny-przyjec-rodzicow-2024.pdf\" class=\"wp-block-file__button wp-element-button\" download aria-describedby=\"wp-block-file--media-5234becc-4b19-4616-a40e-d9a6a0f9beeb\">Pobierz<\/a><\/div>\n","protected":false},"excerpt":{"rendered":"","protected":false},"author":1,"featured_media":0,"parent":0,"menu_order":0,"comment_status":"closed","ping_status":"closed","template":"","meta":{"ngg_post_thumbnail":0,"footnotes":""},"class_list":["post-70","page","type-page","status-publish","hentry"],"_links":{"self":[{"href":"https:\/\/spnowerybie.pl\/index.php?rest_route=\/wp\/v2\/pages\/70","targetHints":{"allow":["GET"]}}],"collection":[{"href":"https:\/\/spnowerybie.pl\/index.php?rest_route=\/wp\/v2\/pages"}],"about":[{"href":"https:\/\/spnowerybie.pl\/index.php?rest_route=\/wp\/v2\/types\/page"}],"author":[{"embeddable":true,"href":"https:\/\/spnowerybie.pl\/index.php?rest_route=\/wp\/v2\/users\/1"}],"replies":[{"embeddable":true,"href":"https:\/\/spnowerybie.pl\/index.php?rest_route=%2Fwp%2Fv2%2Fcomments&post=70"}],"version-history":[{"count":9,"href":"https:\/\/spnowerybie.pl\/index.php?rest_route=\/wp\/v2\/pages\/70\/revisions"}],"predecessor-version":[{"id":6231,"href":"https:\/\/spnowerybie.pl\/index.php?rest_route=\/wp\/v2\/pages\/70\/revisions\/6231"}],"wp:attachment":[{"href":"https:\/\/spnowerybie.pl\/index.php?rest_route=%2Fwp%2Fv2%2Fmedia&parent=70"}],"curies":[{"name":"wp","href":"https:\/\/api.w.org\/{rel}","templated":true}]}}