{"id":62,"date":"2018-08-10T20:11:20","date_gmt":"2018-08-10T20:11:20","guid":{"rendered":"http:\/\/spnowerybie.pl\/?page_id=62"},"modified":"2023-09-28T10:00:42","modified_gmt":"2023-09-28T10:00:42","slug":"samorzad-uczniowski","status":"publish","type":"page","link":"https:\/\/spnowerybie.pl\/?page_id=62","title":{"rendered":"Samorz\u0105d Uczniowski"},"content":{"rendered":"\n<figure class=\"wp-block-table is-style-stripes\"><table><tbody><tr><td>Przewodnicz\u0105ca<\/td><td>Oliwia Bieniek<\/td><\/tr><tr><td>Zast\u0119pca<\/td><td>Anna Kucza<\/td><\/tr><tr><td>Sekretarz<\/td><td>Zofia Bieda<\/td><\/tr><tr><td>Skarbnik<\/td><td>Lena P\u0142awecka<\/td><\/tr><\/tbody><\/table><\/figure>\n\n\n\n<p>Opiekun Samorz\u0105du: Pani Agnieszka J\u0119drzejek<\/p>\n","protected":false},"excerpt":{"rendered":"<p>Przewodnicz\u0105ca Oliwia Bieniek Zast\u0119pca Anna Kucza Sekretarz Zofia Bieda Skarbnik Lena P\u0142awecka Opiekun Samorz\u0105du: Pani Agnieszka J\u0119drzejek<\/p>\n","protected":false},"author":1,"featured_media":0,"parent":0,"menu_order":0,"comment_status":"closed","ping_status":"closed","template":"","meta":{"ngg_post_thumbnail":0,"footnotes":""},"class_list":["post-62","page","type-page","status-publish","hentry"],"_links":{"self":[{"href":"https:\/\/spnowerybie.pl\/index.php?rest_route=\/wp\/v2\/pages\/62","targetHints":{"allow":["GET"]}}],"collection":[{"href":"https:\/\/spnowerybie.pl\/index.php?rest_route=\/wp\/v2\/pages"}],"about":[{"href":"https:\/\/spnowerybie.pl\/index.php?rest_route=\/wp\/v2\/types\/page"}],"author":[{"embeddable":true,"href":"https:\/\/spnowerybie.pl\/index.php?rest_route=\/wp\/v2\/users\/1"}],"replies":[{"embeddable":true,"href":"https:\/\/spnowerybie.pl\/index.php?rest_route=%2Fwp%2Fv2%2Fcomments&post=62"}],"version-history":[{"count":3,"href":"https:\/\/spnowerybie.pl\/index.php?rest_route=\/wp\/v2\/pages\/62\/revisions"}],"predecessor-version":[{"id":5239,"href":"https:\/\/spnowerybie.pl\/index.php?rest_route=\/wp\/v2\/pages\/62\/revisions\/5239"}],"wp:attachment":[{"href":"https:\/\/spnowerybie.pl\/index.php?rest_route=%2Fwp%2Fv2%2Fmedia&parent=62"}],"curies":[{"name":"wp","href":"https:\/\/api.w.org\/{rel}","templated":true}]}}