{"id":4343,"date":"2021-09-26T20:03:00","date_gmt":"2021-09-26T20:03:00","guid":{"rendered":"https:\/\/spnowerybie.pl\/?page_id=4343"},"modified":"2022-10-25T18:21:53","modified_gmt":"2022-10-25T18:21:53","slug":"projekt-rozwijanie-kompetencji-kluczowych-uczniow-ze-szkol-z-terenu-gminy-limanowa","status":"publish","type":"page","link":"https:\/\/spnowerybie.pl\/?page_id=4343","title":{"rendered":"Projekt &#8211; Rozwijanie kompetencji kluczowych uczni\u00f3w ze szk\u00f3\u0142 z terenu Gminy Limanowa"},"content":{"rendered":"\n<figure class=\"wp-block-image size-large\"><img loading=\"lazy\" decoding=\"async\" width=\"1024\" height=\"87\" src=\"https:\/\/spnowerybie.pl\/wp-content\/uploads\/2022\/09\/projekt1-1024x87.jpg\" alt=\"\" class=\"wp-image-4344\" srcset=\"https:\/\/spnowerybie.pl\/wp-content\/uploads\/2022\/09\/projekt1-1024x87.jpg 1024w, https:\/\/spnowerybie.pl\/wp-content\/uploads\/2022\/09\/projekt1-300x26.jpg 300w, https:\/\/spnowerybie.pl\/wp-content\/uploads\/2022\/09\/projekt1-768x66.jpg 768w, https:\/\/spnowerybie.pl\/wp-content\/uploads\/2022\/09\/projekt1-1536x131.jpg 1536w, https:\/\/spnowerybie.pl\/wp-content\/uploads\/2022\/09\/projekt1-2048x175.jpg 2048w\" sizes=\"auto, (max-width: 1024px) 100vw, 1024px\" \/><\/figure>\n\n\n\n<p>Zach\u0119camy do zapoznania si\u0119 z kr\u00f3tkim sprawozdaniem z realizacji projektu:<\/p>\n\n\n\n<div data-wp-interactive=\"core\/file\" class=\"wp-block-file\"><object data-wp-bind--hidden=\"!state.hasPdfPreview\" hidden class=\"wp-block-file__embed\" data=\"https:\/\/spnowerybie.pl\/wp-content\/uploads\/2022\/10\/Rozwijanie-kompetencji-kluczowych-uczniow-ze-szkol.pdf\" type=\"application\/pdf\" style=\"width:100%;height:600px\" aria-label=\"Osadzone z Osadzone z Rozwijanie-kompetencji-kluczowych-uczniow-ze-szkol..\"><\/object><a id=\"wp-block-file--media-ed7525bf-fa34-4795-a85f-256bc5b73470\" href=\"https:\/\/spnowerybie.pl\/wp-content\/uploads\/2022\/10\/Rozwijanie-kompetencji-kluczowych-uczniow-ze-szkol.pdf\">Rozwijanie-kompetencji-kluczowych-uczniow-ze-szkol<\/a><a href=\"https:\/\/spnowerybie.pl\/wp-content\/uploads\/2022\/10\/Rozwijanie-kompetencji-kluczowych-uczniow-ze-szkol.pdf\" class=\"wp-block-file__button\" download aria-describedby=\"wp-block-file--media-ed7525bf-fa34-4795-a85f-256bc5b73470\">Pobierz<\/a><\/div>\n\n\n\n<p>Nasz szko\u0142a wraz z innymi szko\u0142ami z naszej Gminy bierze udzia\u0142 w projekcie pt. ,,Rozwijanie kompetencji kluczowych uczni\u00f3w ze szk\u00f3\u0142 z terenu Gminy Limanowa\u201d, kt\u00f3ry Gmina Limanowa realizuje w partnerstwie z Fundacj\u0105 Stiwek.<\/p>\n\n\n\n<p>Projekt jest dofinansowany ze \u015brodk\u00f3w Unii Europejskiej w ramach Europejskiego Funduszu Spo\u0142ecznego oraz z bud\u017cetu&nbsp; pa\u0144stwa, realizowany w ramach Regionalnego Programu Operacyjnego Wojew\u00f3dztwa Ma\u0142opolskiego, Osi priorytetowej 10 Wiedza i kompetencje, Dzia\u0142anie 10.1 Rozw\u00f3j kszta\u0142cenia og\u00f3lnego, Poddzia\u0142anie 10.1.3 Edukacja w szko\u0142ach prowadz\u0105cych kszta\u0142cenie og\u00f3lne.<\/p>\n\n\n\n<p>Warto\u015b\u0107 projektu \u0142\u0105cznie 3&nbsp;484&nbsp;327, 50 z\u0142<\/p>\n\n\n\n<p>Numer projektu<strong> <\/strong>RPMP.10.01.03-12-0360\/19<\/p>\n\n\n\n<p>Projekt jest realizowany od 1.05.2020 do 31.07.2022<\/p>\n\n\n\n<p>Celem projektu jest rozwijanie kompetencji kluczowych i umiej\u0119tno\u015bci uniwersalnych uczni\u00f3w 12 Szk\u00f3\u0142 Podstawowych, dla kt\u00f3rych organem prowadz\u0105cym jest Gmina Limanowa dzi\u0119ki udzia\u0142owi w dodatkowych zaj\u0119ciach wyr\u00f3wnawczych oraz rozwijaj\u0105cych kompetencje kluczowe i umiej\u0119tno\u015bci uniwersalne, zmniejszenie deficyt\u00f3w rozwojowych uczni\u00f3w o specjalnych potrzebach edukacyjnych dzi\u0119ki udzia\u0142owi w dodatkowych zaj\u0119ciach specjalistycznych oraz wyr\u00f3wnanie szans edukacyjnych uczni\u00f3w. Celem projektu jest tak\u017ce udoskonalenie kompetencji dydaktycznych i wychowawczych 224 nauczycieli 12 szk\u00f3\u0142 w zakresie TIK i wsparcia uczni\u00f3w o specjalnych potrzebach edukacyjnych przez szkolenia oraz&nbsp; stworzenie warunk\u00f3w do nauki metod\u0105 eksperymentu w 12 szko\u0142ach dzi\u0119ki doposa\u017cenie pracowni TIK i pracowni przedmiotowych do 07.2022<\/p>\n\n\n\n<p>Grup\u0119 docelow\u0105 projektu stanowi 1030 uczni\u00f3w z 12 szk\u00f3\u0142 (520 dziewcz\u0105t i 510 ch\u0142opc\u00f3w) tym 420 uczni\u00f3w o specjalnych potrzebach edukacyjnych oraz 224 nauczycieli (168 kobiet, 56 m\u0119\u017aczyzn).<\/p>\n\n\n\n<p>W projekcie odb\u0119dzie si\u0119:<\/p>\n\n\n\n<ul class=\"wp-block-list\"><li>2000 godzin zaj\u0119\u0107 wyr\u00f3wnawczych z matematyki, przedmiot\u00f3w przyrodniczych i j\u0119zyk\u00f3w obcych w 80 grupach,<\/li><li>1740 godzin zaj\u0119\u0107 specjalistycznych: logopedycznych, socjoterapeutycznych, korekcyjno-kompensacyjnych w 87 grupach<\/li><li>4200 godzin projekt\u00f3w edukacyjnych doskonal\u0105cych kompetencje matematyczne, przyrodnicze, j\u0119zykowe i w 140 grupach<\/li><li>2100 godzin zaj\u0119\u0107 rozwijaj\u0105cych umiej\u0119tno\u015bci uniwersalne: przedsi\u0119biorczo\u015b\u0107, praca zespo\u0142owa, kreatywno\u015b\u0107 w 84 grupach<\/li><li>302 uczni\u00f3w wyr\u00f3wna szanse edukacyjne dzi\u0119ki stypendiom<\/li><\/ul>\n\n\n\n<p>Dzi\u0119ki projektowi&nbsp; szko\u0142y pracownie przedmiotowe zostan\u0105 wyposa\u017cone w nowoczesn\u0105 baz\u0119 dydaktyczn\u0105.<\/p>\n\n\n\n<p>Projekt jest realizowany zgodnie zasad\u0105 r\u00f3wno\u015bci szans i niedyskryminacji tj. w spos\u00f3b zapewniaj\u0105cy r\u00f3wny dost\u0119p do zaj\u0119\u0107, stypendi\u00f3w, warsztat\u00f3w, szkole\u0144 zar\u00f3wno dla uczni\u00f3w i uczennic, nauczycieli, nauczycielek. Kryteria rekrutacji do wszystkich zaj\u0119\u0107 wolne s\u0105 od dyskryminacji ze wzgl\u0119du na p\u0142e\u0107, niepe\u0142nosprawno\u015b\u0107, czy inne potencjalnie dyskryminuj\u0105ce kryteria. Zaj\u0119cia dla uczni\u00f3w i nauczycieli odbywaj\u0105 si\u0119 w salach zapewniaj\u0105cych dost\u0119p dla os\u00f3b niepe\u0142nosprawnych.<\/p>\n","protected":false},"excerpt":{"rendered":"<p>Zach\u0119camy do zapoznania si\u0119 z kr\u00f3tkim sprawozdaniem z realizacji projektu: Nasz szko\u0142a wraz z innymi szko\u0142ami z naszej Gminy bierze udzia\u0142 w projekcie pt. ,,Rozwijanie kompetencji kluczowych uczni\u00f3w ze szk\u00f3\u0142 z terenu Gminy Limanowa\u201d, kt\u00f3ry Gmina Limanowa realizuje w partnerstwie z Fundacj\u0105 Stiwek. Projekt jest dofinansowany ze \u015brodk\u00f3w Unii Europejskiej w ramach Europejskiego Funduszu Spo\u0142ecznego [&hellip;]<\/p>\n","protected":false},"author":1,"featured_media":0,"parent":0,"menu_order":0,"comment_status":"closed","ping_status":"closed","template":"","meta":{"ngg_post_thumbnail":0,"footnotes":""},"class_list":["post-4343","page","type-page","status-publish","hentry"],"_links":{"self":[{"href":"https:\/\/spnowerybie.pl\/index.php?rest_route=\/wp\/v2\/pages\/4343","targetHints":{"allow":["GET"]}}],"collection":[{"href":"https:\/\/spnowerybie.pl\/index.php?rest_route=\/wp\/v2\/pages"}],"about":[{"href":"https:\/\/spnowerybie.pl\/index.php?rest_route=\/wp\/v2\/types\/page"}],"author":[{"embeddable":true,"href":"https:\/\/spnowerybie.pl\/index.php?rest_route=\/wp\/v2\/users\/1"}],"replies":[{"embeddable":true,"href":"https:\/\/spnowerybie.pl\/index.php?rest_route=%2Fwp%2Fv2%2Fcomments&post=4343"}],"version-history":[{"count":3,"href":"https:\/\/spnowerybie.pl\/index.php?rest_route=\/wp\/v2\/pages\/4343\/revisions"}],"predecessor-version":[{"id":4485,"href":"https:\/\/spnowerybie.pl\/index.php?rest_route=\/wp\/v2\/pages\/4343\/revisions\/4485"}],"wp:attachment":[{"href":"https:\/\/spnowerybie.pl\/index.php?rest_route=%2Fwp%2Fv2%2Fmedia&parent=4343"}],"curies":[{"name":"wp","href":"https:\/\/api.w.org\/{rel}","templated":true}]}}